{"id":1077,"date":"2023-10-30T15:26:00","date_gmt":"2023-10-30T15:26:00","guid":{"rendered":"https:\/\/bennuconsultoria.com.br\/site\/?page_id=1077"},"modified":"2023-10-30T15:27:55","modified_gmt":"2023-10-30T15:27:55","slug":"politica-de-privacidade","status":"publish","type":"page","link":"https:\/\/bennuconsultoria.com.br\/site\/politica-de-privacidade\/","title":{"rendered":"Pol\u00edtica de privacidade"},"content":{"rendered":"\t\t<div data-elementor-type=\"wp-page\" data-elementor-id=\"1077\" class=\"elementor elementor-1077\" data-elementor-settings=\"{&quot;ha_cmc_init_switcher&quot;:&quot;no&quot;}\" data-elementor-post-type=\"page\">\n\t\t\t\t\t\t<section class=\"elementor-section elementor-top-section elementor-element elementor-element-15a11b60 elementor-section-boxed elementor-section-height-default elementor-section-height-default\" data-id=\"15a11b60\" data-element_type=\"section\" data-settings=\"{&quot;_ha_eqh_enable&quot;:false}\">\n\t\t\t\t\t\t<div class=\"elementor-container elementor-column-gap-default\">\n\t\t\t\t\t<div class=\"elementor-column elementor-col-100 elementor-top-column elementor-element elementor-element-78df3c03\" data-id=\"78df3c03\" data-element_type=\"column\">\n\t\t\t<div class=\"elementor-widget-wrap elementor-element-populated\">\n\t\t\t\t\t\t<div class=\"elementor-element elementor-element-8566684 elementor-widget elementor-widget-text-editor\" data-id=\"8566684\" data-element_type=\"widget\" data-widget_type=\"text-editor.default\">\n\t\t\t\t<div class=\"elementor-widget-container\">\n\t\t\t\t\t\t\t\t\t\n<p><\/p>\n\n\n\n<p><strong>Pol\u00edtica de Privacidade<\/strong><br>\u00daltima Atualiza\u00e7\u00e3o em 30-Out-2023<br>Data Efetiva 30-Out-2023<\/p>\n\n\n\n<p>Esta Pol\u00edtica de Privacidade descreve as pol\u00edticas da Bennu Consultoria, AV JOAO PINHEIRO 274 &#8211; SALA 202, MINAS GERAIS 30.130-186, Brasil, e-mail: BIANKA@BENNUCONSULTORIA.COM.BR, telefone: (31) 8723-6015 sobre a coleta, uso e divulga\u00e7\u00e3o de suas informa\u00e7\u00f5es que coletamos quando voc\u00ea usa nosso site (https:\/\/bennuconsultoria.com.br\/site\/) (o &#8220;Servi\u00e7o&#8221;). Ao acessar ou usar o Servi\u00e7o, voc\u00ea est\u00e1 consentindo com a coleta, uso e divulga\u00e7\u00e3o de suas informa\u00e7\u00f5es de acordo com esta Pol\u00edtica de Privacidade. Se voc\u00ea n\u00e3o consentir o mesmo, por favor, n\u00e3o acesse ou use o Servi\u00e7o.<br>Podemos modificar esta Pol\u00edtica de Privacidade a qualquer momento, sem aviso pr\u00e9vio, e publicaremos a Pol\u00edtica de Privacidade revisada no Servi\u00e7o. A Pol\u00edtica revisada ser\u00e1 eficaz 180 dias a partir da publica\u00e7\u00e3o da Pol\u00edtica revisada no Servi\u00e7o, e seu acesso cont\u00ednuo ou uso do Servi\u00e7o ap\u00f3s esse per\u00edodo constituir\u00e1 sua aceita\u00e7\u00e3o da Pol\u00edtica de Privacidade revisada. Portanto, recomendamos que voc\u00ea revise periodicamente esta p\u00e1gina.<\/p>\n\n\n\n<p><strong>Como Usamos Suas Informa\u00e7\u00f5es:<\/strong><br>Usaremos as informa\u00e7\u00f5es que coletamos sobre voc\u00ea para os seguintes fins:<\/p>\n\n\n\n<ul class=\"wp-block-list\"><li>Marketing\/Promo\u00e7\u00e3o<\/li><li>Publicidade direcionada<br>Se quisermos usar suas informa\u00e7\u00f5es para qualquer outro prop\u00f3sito, pediremos o seu consentimento e usaremos suas informa\u00e7\u00f5es apenas ao receber o seu consentimento e, em seguida, somente para o(s) prop\u00f3sito(s) para o(s) qual(is) conceder consentimento, a menos que sejamos obrigados a fazer o contr\u00e1rio por lei.<\/li><\/ul>\n\n\n\n<p><strong>Seus Direitos:<\/strong><br>Dependendo da lei aplic\u00e1vel, voc\u00ea pode ter o direito de acessar, retificar ou apagar seus dados pessoais, receber uma c\u00f3pia de seus dados pessoais, restringir ou objetar ao processamento ativo de seus dados, pedir para compartilhar (transferir) suas informa\u00e7\u00f5es pessoais para outra entidade, retirar qualquer consentimento que voc\u00ea nos forneceu para processar seus dados, o direito de apresentar uma reclama\u00e7\u00e3o a uma autoridade estatut\u00e1ria e outros direitos relevantes conforme as leis aplic\u00e1veis. Para exercer esses direitos, voc\u00ea pode escrever para n\u00f3s em BIANKA@BENNUCONSULTORIA.COM.BR. Responderemos \u00e0 sua solicita\u00e7\u00e3o de acordo com a lei aplic\u00e1vel.<br>Voc\u00ea pode optar por n\u00e3o receber comunica\u00e7\u00f5es de marketing direto ou o perfil que realizamos para fins de marketing escrevendo para n\u00f3s em BIANKA@BENNUCONSULTORIA.COM.BR.<br>Observe que, se voc\u00ea n\u00e3o nos permitir coletar ou processar as informa\u00e7\u00f5es pessoais necess\u00e1rias ou retirar o consentimento para process\u00e1-las para os fins necess\u00e1rios, voc\u00ea pode n\u00e3o conseguir acessar ou usar os servi\u00e7os para os quais suas informa\u00e7\u00f5es foram solicitadas.<\/p>\n\n\n\n<p><strong>Cookies, etc.:<\/strong><br>Para aprender mais sobre como usamos essas tecnologias de rastreamento e suas escolhas em rela\u00e7\u00e3o a essas tecnologias, consulte nossa Pol\u00edtica de Cookies.<\/p>\n\n\n\n<p><strong>Seguran\u00e7a:<\/strong><br>A seguran\u00e7a de suas informa\u00e7\u00f5es \u00e9 importante para n\u00f3s e usaremos medidas de seguran\u00e7a razo\u00e1veis para evitar a perda, uso indevido ou altera\u00e7\u00e3o n\u00e3o autorizada de suas informa\u00e7\u00f5es sob nosso controle. No entanto, dadas as vulnerabilidades inerentes, n\u00e3o podemos garantir seguran\u00e7a absoluta e, consequentemente, n\u00e3o podemos garantir ou assegurar a seguran\u00e7a de qualquer informa\u00e7\u00e3o que voc\u00ea nos transmitir, e voc\u00ea o faz por sua pr\u00f3pria conta e risco.<\/p>\n\n\n\n<p><strong>Links de Terceiros e Uso de Suas Informa\u00e7\u00f5es:<\/strong><br>Nosso Servi\u00e7o pode conter links para outros sites que n\u00e3o s\u00e3o operados por n\u00f3s. Esta Pol\u00edtica de Privacidade n\u00e3o aborda a pol\u00edtica de privacidade e outras pr\u00e1ticas de terceiros, incluindo qualquer terceiro que opera qualquer site ou servi\u00e7o que possa ser acess\u00edvel via link no Servi\u00e7o. Recomendamos fortemente que voc\u00ea revise a pol\u00edtica de privacidade de cada site que voc\u00ea visita. N\u00e3o temos controle e n\u00e3o assumimos nenhuma responsabilidade pelo conte\u00fado, pol\u00edticas de privacidade ou pr\u00e1ticas de quaisquer sites ou servi\u00e7os de terceiros.<\/p>\n\n\n\n<p><strong>Queixa\/Oficial de Prote\u00e7\u00e3o de Dados:<\/strong><br>Se voc\u00ea tiver alguma d\u00favida ou preocupa\u00e7\u00e3o sobre o processamento de suas informa\u00e7\u00f5es que est\u00e3o dispon\u00edveis conosco, voc\u00ea pode enviar um e-mail para o nosso Oficial de Queixas em Bennu Consultoria, AV JOAO PINHEIRO 274 &#8211; SALA 202, e-mail: BIANKA@BENNUCONSULTORIA.COM.BR. Abordaremos suas preocupa\u00e7\u00f5es de acordo com a lei aplic\u00e1vel.<\/p>\n\n\n\n<p><strong>Pol\u00edtica de Privacidade gerada com o CookieYes.<\/strong><\/p>\n\t\t\t\t\t\t\t\t<\/div>\n\t\t\t\t<\/div>\n\t\t\t\t\t<\/div>\n\t\t<\/div>\n\t\t\t\t\t<\/div>\n\t\t<\/section>\n\t\t\t\t<\/div>\n\t\t","protected":false},"excerpt":{"rendered":"<p>Pol\u00edtica de Privacidade\u00daltima Atualiza\u00e7\u00e3o em 30-Out-2023Data Efetiva 30-Out-2023 Esta Pol\u00edtica de Privacidade descreve as pol\u00edticas da Bennu Consultoria, AV JOAO PINHEIRO 274 &#8211; SALA 202, MINAS GERAIS 30.130-186, Brasil, e-mail: BIANKA@BENNUCONSULTORIA.COM.BR, telefone: (31) 8723-6015 sobre a coleta, uso e divulga\u00e7\u00e3o de suas informa\u00e7\u00f5es que coletamos quando voc\u00ea usa nosso site (https:\/\/bennuconsultoria.com.br) (o &#8220;Servi\u00e7o&#8221;). Ao acessar [&hellip;]<\/p>\n","protected":false},"author":1,"featured_media":0,"parent":0,"menu_order":0,"comment_status":"closed","ping_status":"closed","template":"elementor_header_footer","meta":{"footnotes":""},"class_list":["post-1077","page","type-page","status-publish","hentry"],"aioseo_notices":[],"_links":{"self":[{"href":"https:\/\/bennuconsultoria.com.br\/site\/wp-json\/wp\/v2\/pages\/1077","targetHints":{"allow":["GET"]}}],"collection":[{"href":"https:\/\/bennuconsultoria.com.br\/site\/wp-json\/wp\/v2\/pages"}],"about":[{"href":"https:\/\/bennuconsultoria.com.br\/site\/wp-json\/wp\/v2\/types\/page"}],"author":[{"embeddable":true,"href":"https:\/\/bennuconsultoria.com.br\/site\/wp-json\/wp\/v2\/users\/1"}],"replies":[{"embeddable":true,"href":"https:\/\/bennuconsultoria.com.br\/site\/wp-json\/wp\/v2\/comments?post=1077"}],"version-history":[{"count":5,"href":"https:\/\/bennuconsultoria.com.br\/site\/wp-json\/wp\/v2\/pages\/1077\/revisions"}],"predecessor-version":[{"id":1083,"href":"https:\/\/bennuconsultoria.com.br\/site\/wp-json\/wp\/v2\/pages\/1077\/revisions\/1083"}],"wp:attachment":[{"href":"https:\/\/bennuconsultoria.com.br\/site\/wp-json\/wp\/v2\/media?parent=1077"}],"curies":[{"name":"wp","href":"https:\/\/api.w.org\/{rel}","templated":true}]}}