{"id":33,"date":"2022-12-08T17:43:40","date_gmt":"2022-12-08T17:43:40","guid":{"rendered":"https:\/\/bennuconsultoria.com.br\/site\/?page_id=33"},"modified":"2024-09-02T15:11:06","modified_gmt":"2024-09-02T15:11:06","slug":"blog","status":"publish","type":"page","link":"https:\/\/bennuconsultoria.com.br\/site\/blog\/","title":{"rendered":"Blog"},"content":{"rendered":"\t\t<div data-elementor-type=\"wp-page\" data-elementor-id=\"33\" class=\"elementor elementor-33\" data-elementor-settings=\"{&quot;ha_cmc_init_switcher&quot;:&quot;no&quot;}\" data-elementor-post-type=\"page\">\n\t\t\t\t\t\t<section class=\"elementor-section elementor-top-section elementor-element elementor-element-50b124e elementor-section-boxed elementor-section-height-default elementor-section-height-default\" data-id=\"50b124e\" data-element_type=\"section\" data-settings=\"{&quot;background_background&quot;:&quot;classic&quot;,&quot;_ha_eqh_enable&quot;:false}\">\n\t\t\t\t\t\t<div class=\"elementor-container elementor-column-gap-default\">\n\t\t\t\t\t<div class=\"elementor-column elementor-col-100 elementor-top-column elementor-element elementor-element-2c5316f\" data-id=\"2c5316f\" data-element_type=\"column\">\n\t\t\t<div class=\"elementor-widget-wrap elementor-element-populated\">\n\t\t\t\t\t\t<div class=\"elementor-element elementor-element-000ff52 elementor-widget elementor-widget-heading\" data-id=\"000ff52\" data-element_type=\"widget\" data-widget_type=\"heading.default\">\n\t\t\t\t<div class=\"elementor-widget-container\">\n\t\t\t\t\t<h2 class=\"elementor-heading-title elementor-size-default\">Blog Bennu<\/h2>\t\t\t\t<\/div>\n\t\t\t\t<\/div>\n\t\t\t\t\t<\/div>\n\t\t<\/div>\n\t\t\t\t\t<\/div>\n\t\t<\/section>\n\t\t\t\t<section class=\"elementor-section elementor-top-section elementor-element elementor-element-b150494 elementor-section-boxed elementor-section-height-default elementor-section-height-default\" data-id=\"b150494\" data-element_type=\"section\" data-settings=\"{&quot;_ha_eqh_enable&quot;:false}\">\n\t\t\t\t\t\t<div class=\"elementor-container elementor-column-gap-default\">\n\t\t\t\t\t<div class=\"elementor-column elementor-col-100 elementor-top-column elementor-element elementor-element-01e7625\" data-id=\"01e7625\" data-element_type=\"column\">\n\t\t\t<div class=\"elementor-widget-wrap elementor-element-populated\">\n\t\t\t\t\t\t<section class=\"elementor-section elementor-inner-section elementor-element elementor-element-615e20c elementor-section-boxed elementor-section-height-default elementor-section-height-default\" data-id=\"615e20c\" data-element_type=\"section\" data-settings=\"{&quot;_ha_eqh_enable&quot;:false}\">\n\t\t\t\t\t\t<div class=\"elementor-container elementor-column-gap-default\">\n\t\t\t\t\t<div class=\"elementor-column elementor-col-100 elementor-inner-column elementor-element elementor-element-2f4ceb0\" data-id=\"2f4ceb0\" data-element_type=\"column\">\n\t\t\t<div class=\"elementor-widget-wrap elementor-element-populated\">\n\t\t\t\t\t\t<div class=\"elementor-element elementor-element-88fd978 elementor-grid-3 elementor-grid-tablet-2 elementor-grid-mobile-1 elementor-posts--thumbnail-top elementor-widget elementor-widget-posts\" data-id=\"88fd978\" data-element_type=\"widget\" data-settings=\"{&quot;pagination_type&quot;:&quot;numbers&quot;,&quot;classic_columns&quot;:&quot;3&quot;,&quot;classic_columns_tablet&quot;:&quot;2&quot;,&quot;classic_columns_mobile&quot;:&quot;1&quot;,&quot;classic_row_gap&quot;:{&quot;unit&quot;:&quot;px&quot;,&quot;size&quot;:35,&quot;sizes&quot;:[]},&quot;classic_row_gap_tablet&quot;:{&quot;unit&quot;:&quot;px&quot;,&quot;size&quot;:&quot;&quot;,&quot;sizes&quot;:[]},&quot;classic_row_gap_mobile&quot;:{&quot;unit&quot;:&quot;px&quot;,&quot;size&quot;:&quot;&quot;,&quot;sizes&quot;:[]}}\" data-widget_type=\"posts.classic\">\n\t\t\t\t<div class=\"elementor-widget-container\">\n\t\t\t\t\t\t\t<div class=\"elementor-posts-container elementor-posts elementor-posts--skin-classic elementor-grid\">\n\t\t\t\t<article class=\"elementor-post elementor-grid-item post-1513 post type-post status-publish format-standard has-post-thumbnail hentry category-lideranca\">\n\t\t\t\t<a class=\"elementor-post__thumbnail__link\" href=\"https:\/\/bennuconsultoria.com.br\/site\/o-que-sao-soft-skills-6-exemplos-essenciais-para-o-local-de-trabalho\/\" tabindex=\"-1\" >\n\t\t\t<div class=\"elementor-post__thumbnail\"><img fetchpriority=\"high\" decoding=\"async\" width=\"800\" height=\"533\" src=\"https:\/\/bennuconsultoria.com.br\/site\/wp-content\/uploads\/2024\/02\/group-of-coworkers-stacking-hands-together-one-by-2023-11-27-05-05-09-utc_Easy-Resize.com_-1024x682.jpg\" class=\"attachment-large size-large wp-image-1514\" alt=\"\" srcset=\"https:\/\/bennuconsultoria.com.br\/site\/wp-content\/uploads\/2024\/02\/group-of-coworkers-stacking-hands-together-one-by-2023-11-27-05-05-09-utc_Easy-Resize.com_-1024x682.jpg 1024w, https:\/\/bennuconsultoria.com.br\/site\/wp-content\/uploads\/2024\/02\/group-of-coworkers-stacking-hands-together-one-by-2023-11-27-05-05-09-utc_Easy-Resize.com_-300x200.jpg 300w, https:\/\/bennuconsultoria.com.br\/site\/wp-content\/uploads\/2024\/02\/group-of-coworkers-stacking-hands-together-one-by-2023-11-27-05-05-09-utc_Easy-Resize.com_-768x512.jpg 768w, https:\/\/bennuconsultoria.com.br\/site\/wp-content\/uploads\/2024\/02\/group-of-coworkers-stacking-hands-together-one-by-2023-11-27-05-05-09-utc_Easy-Resize.com_.jpg 1280w\" sizes=\"(max-width: 800px) 100vw, 800px\" \/><\/div>\n\t\t<\/a>\n\t\t\t\t<div class=\"elementor-post__text\">\n\t\t\t\t<h3 class=\"elementor-post__title\">\n\t\t\t<a href=\"https:\/\/bennuconsultoria.com.br\/site\/o-que-sao-soft-skills-6-exemplos-essenciais-para-o-local-de-trabalho\/\" >\n\t\t\t\tO que s\u00e3o Soft Skills? 6 exemplos essenciais para o local de trabalho\t\t\t<\/a>\n\t\t<\/h3>\n\t\t\t\t<div class=\"elementor-post__meta-data\">\n\t\t\t\t\t<span class=\"elementor-post-date\">\n\t\t\tmar\u00e7o 13, 2024\t\t<\/span>\n\t\t\t\t<\/div>\n\t\t\t\t<\/div>\n\t\t\t\t<\/article>\n\t\t\t\t<article class=\"elementor-post elementor-grid-item post-1521 post type-post status-publish format-standard has-post-thumbnail hentry category-lideranca\">\n\t\t\t\t<a class=\"elementor-post__thumbnail__link\" href=\"https:\/\/bennuconsultoria.com.br\/site\/tornando-a-equidade-de-genero-no-local-de-trabalho-uma-realidade\/\" tabindex=\"-1\" >\n\t\t\t<div class=\"elementor-post__thumbnail\"><img decoding=\"async\" width=\"800\" height=\"534\" src=\"https:\/\/bennuconsultoria.com.br\/site\/wp-content\/uploads\/2024\/02\/three-business-women-leaving-work-talking-to-each-2023-11-27-05-17-45-utc_Easy-Resize.com_-1024x683.jpg\" class=\"attachment-large size-large wp-image-1522\" alt=\"\" srcset=\"https:\/\/bennuconsultoria.com.br\/site\/wp-content\/uploads\/2024\/02\/three-business-women-leaving-work-talking-to-each-2023-11-27-05-17-45-utc_Easy-Resize.com_-1024x683.jpg 1024w, https:\/\/bennuconsultoria.com.br\/site\/wp-content\/uploads\/2024\/02\/three-business-women-leaving-work-talking-to-each-2023-11-27-05-17-45-utc_Easy-Resize.com_-300x200.jpg 300w, https:\/\/bennuconsultoria.com.br\/site\/wp-content\/uploads\/2024\/02\/three-business-women-leaving-work-talking-to-each-2023-11-27-05-17-45-utc_Easy-Resize.com_-768x512.jpg 768w, https:\/\/bennuconsultoria.com.br\/site\/wp-content\/uploads\/2024\/02\/three-business-women-leaving-work-talking-to-each-2023-11-27-05-17-45-utc_Easy-Resize.com_.jpg 1280w\" sizes=\"(max-width: 800px) 100vw, 800px\" \/><\/div>\n\t\t<\/a>\n\t\t\t\t<div class=\"elementor-post__text\">\n\t\t\t\t<h3 class=\"elementor-post__title\">\n\t\t\t<a href=\"https:\/\/bennuconsultoria.com.br\/site\/tornando-a-equidade-de-genero-no-local-de-trabalho-uma-realidade\/\" >\n\t\t\t\tTornando a Equidade de G\u00eanero no local de trabalho uma realidade\t\t\t<\/a>\n\t\t<\/h3>\n\t\t\t\t<div class=\"elementor-post__meta-data\">\n\t\t\t\t\t<span class=\"elementor-post-date\">\n\t\t\tmar\u00e7o 4, 2024\t\t<\/span>\n\t\t\t\t<\/div>\n\t\t\t\t<\/div>\n\t\t\t\t<\/article>\n\t\t\t\t<article class=\"elementor-post elementor-grid-item post-1506 post type-post status-publish format-standard has-post-thumbnail hentry category-lideranca\">\n\t\t\t\t<a class=\"elementor-post__thumbnail__link\" href=\"https:\/\/bennuconsultoria.com.br\/site\/tudo-o-que-voce-precisa-saber-sobre-a-gestao-por-competencia\/\" tabindex=\"-1\" >\n\t\t\t<div class=\"elementor-post__thumbnail\"><img decoding=\"async\" width=\"800\" height=\"533\" src=\"https:\/\/bennuconsultoria.com.br\/site\/wp-content\/uploads\/2024\/02\/diverse-businesspeople-working-at-management-prese-2023-11-27-04-54-47-utc_Easy-Resize.com_-1024x682.jpg\" class=\"attachment-large size-large wp-image-1507\" alt=\"\" srcset=\"https:\/\/bennuconsultoria.com.br\/site\/wp-content\/uploads\/2024\/02\/diverse-businesspeople-working-at-management-prese-2023-11-27-04-54-47-utc_Easy-Resize.com_-1024x682.jpg 1024w, https:\/\/bennuconsultoria.com.br\/site\/wp-content\/uploads\/2024\/02\/diverse-businesspeople-working-at-management-prese-2023-11-27-04-54-47-utc_Easy-Resize.com_-300x200.jpg 300w, https:\/\/bennuconsultoria.com.br\/site\/wp-content\/uploads\/2024\/02\/diverse-businesspeople-working-at-management-prese-2023-11-27-04-54-47-utc_Easy-Resize.com_-768x512.jpg 768w, https:\/\/bennuconsultoria.com.br\/site\/wp-content\/uploads\/2024\/02\/diverse-businesspeople-working-at-management-prese-2023-11-27-04-54-47-utc_Easy-Resize.com_.jpg 1280w\" sizes=\"(max-width: 800px) 100vw, 800px\" \/><\/div>\n\t\t<\/a>\n\t\t\t\t<div class=\"elementor-post__text\">\n\t\t\t\t<h3 class=\"elementor-post__title\">\n\t\t\t<a href=\"https:\/\/bennuconsultoria.com.br\/site\/tudo-o-que-voce-precisa-saber-sobre-a-gestao-por-competencia\/\" >\n\t\t\t\tTudo o que voc\u00ea precisa saber sobre a Gest\u00e3o por Compet\u00eancia\t\t\t<\/a>\n\t\t<\/h3>\n\t\t\t\t<div class=\"elementor-post__meta-data\">\n\t\t\t\t\t<span class=\"elementor-post-date\">\n\t\t\tfevereiro 29, 2024\t\t<\/span>\n\t\t\t\t<\/div>\n\t\t\t\t<\/div>\n\t\t\t\t<\/article>\n\t\t\t\t<article class=\"elementor-post elementor-grid-item post-1500 post type-post status-publish format-standard has-post-thumbnail hentry category-lideranca\">\n\t\t\t\t<a class=\"elementor-post__thumbnail__link\" href=\"https:\/\/bennuconsultoria.com.br\/site\/o-que-e-absenteismo-definicao-causas-e-solucoes\/\" tabindex=\"-1\" >\n\t\t\t<div class=\"elementor-post__thumbnail\"><img loading=\"lazy\" decoding=\"async\" width=\"800\" height=\"534\" src=\"https:\/\/bennuconsultoria.com.br\/site\/wp-content\/uploads\/2024\/02\/hr-manager-talking-to-applicant-2023-11-27-04-56-06-utc_Easy-Resize.com_-1024x683.jpg\" class=\"attachment-large size-large wp-image-1502\" alt=\"\" srcset=\"https:\/\/bennuconsultoria.com.br\/site\/wp-content\/uploads\/2024\/02\/hr-manager-talking-to-applicant-2023-11-27-04-56-06-utc_Easy-Resize.com_-1024x683.jpg 1024w, https:\/\/bennuconsultoria.com.br\/site\/wp-content\/uploads\/2024\/02\/hr-manager-talking-to-applicant-2023-11-27-04-56-06-utc_Easy-Resize.com_-300x200.jpg 300w, https:\/\/bennuconsultoria.com.br\/site\/wp-content\/uploads\/2024\/02\/hr-manager-talking-to-applicant-2023-11-27-04-56-06-utc_Easy-Resize.com_-768x512.jpg 768w, https:\/\/bennuconsultoria.com.br\/site\/wp-content\/uploads\/2024\/02\/hr-manager-talking-to-applicant-2023-11-27-04-56-06-utc_Easy-Resize.com_.jpg 1280w\" sizes=\"(max-width: 800px) 100vw, 800px\" \/><\/div>\n\t\t<\/a>\n\t\t\t\t<div class=\"elementor-post__text\">\n\t\t\t\t<h3 class=\"elementor-post__title\">\n\t\t\t<a href=\"https:\/\/bennuconsultoria.com.br\/site\/o-que-e-absenteismo-definicao-causas-e-solucoes\/\" >\n\t\t\t\tO que \u00e9 absente\u00edsmo? Defini\u00e7\u00e3o, causas e solu\u00e7\u00f5es\t\t\t<\/a>\n\t\t<\/h3>\n\t\t\t\t<div class=\"elementor-post__meta-data\">\n\t\t\t\t\t<span class=\"elementor-post-date\">\n\t\t\tfevereiro 22, 2024\t\t<\/span>\n\t\t\t\t<\/div>\n\t\t\t\t<\/div>\n\t\t\t\t<\/article>\n\t\t\t\t<article class=\"elementor-post elementor-grid-item post-1481 post type-post status-publish format-standard has-post-thumbnail hentry category-lideranca\">\n\t\t\t\t<a class=\"elementor-post__thumbnail__link\" href=\"https:\/\/bennuconsultoria.com.br\/site\/metodologia-big-five-personalidades-na-selecao\/\" tabindex=\"-1\" >\n\t\t\t<div class=\"elementor-post__thumbnail\"><img loading=\"lazy\" decoding=\"async\" width=\"800\" height=\"534\" src=\"https:\/\/bennuconsultoria.com.br\/site\/wp-content\/uploads\/2024\/01\/business-team-taking-off-medical-masks-and-talking-2023-11-27-05-21-47-utc_Easy-Resize.com_-1024x683.jpg\" class=\"attachment-large size-large wp-image-1483\" alt=\"\" srcset=\"https:\/\/bennuconsultoria.com.br\/site\/wp-content\/uploads\/2024\/01\/business-team-taking-off-medical-masks-and-talking-2023-11-27-05-21-47-utc_Easy-Resize.com_-1024x683.jpg 1024w, https:\/\/bennuconsultoria.com.br\/site\/wp-content\/uploads\/2024\/01\/business-team-taking-off-medical-masks-and-talking-2023-11-27-05-21-47-utc_Easy-Resize.com_-300x200.jpg 300w, https:\/\/bennuconsultoria.com.br\/site\/wp-content\/uploads\/2024\/01\/business-team-taking-off-medical-masks-and-talking-2023-11-27-05-21-47-utc_Easy-Resize.com_-768x512.jpg 768w, https:\/\/bennuconsultoria.com.br\/site\/wp-content\/uploads\/2024\/01\/business-team-taking-off-medical-masks-and-talking-2023-11-27-05-21-47-utc_Easy-Resize.com_.jpg 1280w\" sizes=\"(max-width: 800px) 100vw, 800px\" \/><\/div>\n\t\t<\/a>\n\t\t\t\t<div class=\"elementor-post__text\">\n\t\t\t\t<h3 class=\"elementor-post__title\">\n\t\t\t<a href=\"https:\/\/bennuconsultoria.com.br\/site\/metodologia-big-five-personalidades-na-selecao\/\" >\n\t\t\t\tMetodologia Big Five: Personalidades na Sele\u00e7\u00e3o\t\t\t<\/a>\n\t\t<\/h3>\n\t\t\t\t<div class=\"elementor-post__meta-data\">\n\t\t\t\t\t<span class=\"elementor-post-date\">\n\t\t\tjaneiro 31, 2024\t\t<\/span>\n\t\t\t\t<\/div>\n\t\t\t\t<\/div>\n\t\t\t\t<\/article>\n\t\t\t\t<article class=\"elementor-post elementor-grid-item post-1474 post type-post status-publish format-standard has-post-thumbnail hentry category-lideranca\">\n\t\t\t\t<a class=\"elementor-post__thumbnail__link\" href=\"https:\/\/bennuconsultoria.com.br\/site\/flexibilidade-no-trabalho-como-implementar-e-beneficios-associados\/\" tabindex=\"-1\" >\n\t\t\t<div class=\"elementor-post__thumbnail\"><img loading=\"lazy\" decoding=\"async\" width=\"800\" height=\"533\" src=\"https:\/\/bennuconsultoria.com.br\/site\/wp-content\/uploads\/2024\/01\/business-team-talking-working-together-at-coworki-2023-11-27-05-10-20-utc_Easy-Resize.com_-1024x682.jpg\" class=\"attachment-large size-large wp-image-1475\" alt=\"\" srcset=\"https:\/\/bennuconsultoria.com.br\/site\/wp-content\/uploads\/2024\/01\/business-team-talking-working-together-at-coworki-2023-11-27-05-10-20-utc_Easy-Resize.com_-1024x682.jpg 1024w, https:\/\/bennuconsultoria.com.br\/site\/wp-content\/uploads\/2024\/01\/business-team-talking-working-together-at-coworki-2023-11-27-05-10-20-utc_Easy-Resize.com_-300x200.jpg 300w, https:\/\/bennuconsultoria.com.br\/site\/wp-content\/uploads\/2024\/01\/business-team-talking-working-together-at-coworki-2023-11-27-05-10-20-utc_Easy-Resize.com_-768x511.jpg 768w, https:\/\/bennuconsultoria.com.br\/site\/wp-content\/uploads\/2024\/01\/business-team-talking-working-together-at-coworki-2023-11-27-05-10-20-utc_Easy-Resize.com_.jpg 1280w\" sizes=\"(max-width: 800px) 100vw, 800px\" \/><\/div>\n\t\t<\/a>\n\t\t\t\t<div class=\"elementor-post__text\">\n\t\t\t\t<h3 class=\"elementor-post__title\">\n\t\t\t<a href=\"https:\/\/bennuconsultoria.com.br\/site\/flexibilidade-no-trabalho-como-implementar-e-beneficios-associados\/\" >\n\t\t\t\tFlexibilidade no Trabalho: Como Implementar e Benef\u00edcios Associados\t\t\t<\/a>\n\t\t<\/h3>\n\t\t\t\t<div class=\"elementor-post__meta-data\">\n\t\t\t\t\t<span class=\"elementor-post-date\">\n\t\t\tjaneiro 16, 2024\t\t<\/span>\n\t\t\t\t<\/div>\n\t\t\t\t<\/div>\n\t\t\t\t<\/article>\n\t\t\t\t<\/div>\n\t\t\n\t\t\t\t<div class=\"e-load-more-anchor\" data-page=\"1\" data-max-page=\"2\" data-next-page=\"https:\/\/bennuconsultoria.com.br\/site\/wp-json\/wp\/v2\/pages\/33\/page\/2\/\"><\/div>\n\t\t\t\t<nav class=\"elementor-pagination\" aria-label=\"Pagination\">\n\t\t\t<span aria-current=\"page\" class=\"page-numbers current\"><span class=\"elementor-screen-only\">Page<\/span>1<\/span>\n<a class=\"page-numbers\" href=\"https:\/\/bennuconsultoria.com.br\/site\/wp-json\/wp\/v2\/pages\/33\/page\/2\/\"><span class=\"elementor-screen-only\">Page<\/span>2<\/a>\t\t<\/nav>\n\t\t\t\t\t\t<\/div>\n\t\t\t\t<\/div>\n\t\t\t\t\t<\/div>\n\t\t<\/div>\n\t\t\t\t\t<\/div>\n\t\t<\/section>\n\t\t\t\t\t<\/div>\n\t\t<\/div>\n\t\t\t\t\t<\/div>\n\t\t<\/section>\n\t\t\t\t<section class=\"elementor-section elementor-top-section elementor-element elementor-element-61346a6 elementor-section-boxed elementor-section-height-default elementor-section-height-default\" data-id=\"61346a6\" data-element_type=\"section\" data-settings=\"{&quot;background_background&quot;:&quot;classic&quot;,&quot;_ha_eqh_enable&quot;:false}\">\n\t\t\t\t\t\t<div class=\"elementor-container elementor-column-gap-default\">\n\t\t\t\t\t<div class=\"elementor-column elementor-col-100 elementor-top-column elementor-element elementor-element-bfe1097\" data-id=\"bfe1097\" data-element_type=\"column\" data-settings=\"{&quot;background_background&quot;:&quot;classic&quot;}\">\n\t\t\t<div class=\"elementor-widget-wrap elementor-element-populated\">\n\t\t\t\t\t<div class=\"elementor-background-overlay\"><\/div>\n\t\t\t\t\t\t<section class=\"elementor-section elementor-inner-section elementor-element elementor-element-be1a9ea elementor-section-boxed elementor-section-height-default elementor-section-height-default\" data-id=\"be1a9ea\" data-element_type=\"section\" data-settings=\"{&quot;_ha_eqh_enable&quot;:false}\">\n\t\t\t\t\t\t<div class=\"elementor-container elementor-column-gap-default\">\n\t\t\t\t\t<div class=\"elementor-column elementor-col-50 elementor-inner-column elementor-element elementor-element-5547d6f\" data-id=\"5547d6f\" data-element_type=\"column\">\n\t\t\t<div class=\"elementor-widget-wrap elementor-element-populated\">\n\t\t\t\t\t\t<div class=\"elementor-element elementor-element-090617c elementor-widget elementor-widget-text-editor\" data-id=\"090617c\" data-element_type=\"widget\" data-widget_type=\"text-editor.default\">\n\t\t\t\t<div class=\"elementor-widget-container\">\n\t\t\t\t\t\t\t\t\tNewsletter\t\t\t\t\t\t\t\t<\/div>\n\t\t\t\t<\/div>\n\t\t\t\t<div class=\"elementor-element elementor-element-f0f5855 elementor-widget elementor-widget-heading\" data-id=\"f0f5855\" data-element_type=\"widget\" data-widget_type=\"heading.default\">\n\t\t\t\t<div class=\"elementor-widget-container\">\n\t\t\t\t\t<h2 class=\"elementor-heading-title elementor-size-default\">Receba novidades\ndiretamente no seu email<\/h2>\t\t\t\t<\/div>\n\t\t\t\t<\/div>\n\t\t\t\t<div class=\"elementor-element elementor-element-50a1b5a elementor-widget elementor-widget-text-editor\" data-id=\"50a1b5a\" data-element_type=\"widget\" data-widget_type=\"text-editor.default\">\n\t\t\t\t<div class=\"elementor-widget-container\">\n\t\t\t\t\t\t\t\t\t<p>N\u00e3o Enviamos Spam<\/p>\t\t\t\t\t\t\t\t<\/div>\n\t\t\t\t<\/div>\n\t\t\t\t\t<\/div>\n\t\t<\/div>\n\t\t\t\t<div class=\"elementor-column elementor-col-50 elementor-inner-column elementor-element elementor-element-719117f\" data-id=\"719117f\" data-element_type=\"column\">\n\t\t\t<div class=\"elementor-widget-wrap elementor-element-populated\">\n\t\t\t\t\t\t<div class=\"elementor-element elementor-element-95d8986 elementor-button-align-stretch elementor-widget elementor-widget-form\" data-id=\"95d8986\" data-element_type=\"widget\" data-settings=\"{&quot;button_width&quot;:&quot;50&quot;,&quot;step_next_label&quot;:&quot;Next&quot;,&quot;step_previous_label&quot;:&quot;Previous&quot;,&quot;step_type&quot;:&quot;number_text&quot;,&quot;step_icon_shape&quot;:&quot;circle&quot;}\" data-widget_type=\"form.default\">\n\t\t\t\t<div class=\"elementor-widget-container\">\n\t\t\t\t\t\t\t<form class=\"elementor-form\" method=\"post\" name=\"Fale Conosco - CTA\">\n\t\t\t<input type=\"hidden\" name=\"post_id\" value=\"33\"\/>\n\t\t\t<input type=\"hidden\" name=\"form_id\" value=\"95d8986\"\/>\n\t\t\t<input type=\"hidden\" name=\"referer_title\" value=\"\" \/>\n\n\t\t\t\n\t\t\t<div class=\"elementor-form-fields-wrapper elementor-labels-\">\n\t\t\t\t\t\t\t\t<div class=\"elementor-field-type-email elementor-field-group elementor-column elementor-field-group-field_9d55d22 elementor-col-100 elementor-field-required\">\n\t\t\t\t\t\t\t\t\t\t\t\t<label for=\"form-field-field_9d55d22\" class=\"elementor-field-label elementor-screen-only\">\n\t\t\t\t\t\t\t\tEmail\t\t\t\t\t\t\t<\/label>\n\t\t\t\t\t\t\t\t\t\t\t\t\t\t<input size=\"1\" type=\"email\" name=\"form_fields[field_9d55d22]\" id=\"form-field-field_9d55d22\" class=\"elementor-field elementor-size-md  elementor-field-textual\" placeholder=\"Seu Email\" required=\"required\">\n\t\t\t\t\t\t\t\t\t\t\t<\/div>\n\t\t\t\t\t\t\t\t<div class=\"elementor-field-type-acceptance elementor-field-group elementor-column elementor-field-group-field_2893483 elementor-col-100\">\n\t\t\t\t\t\t\t<div class=\"elementor-field-subgroup\">\n\t\t\t<span class=\"elementor-field-option\">\n\t\t\t\t<input type=\"checkbox\" name=\"form_fields[field_2893483]\" id=\"form-field-field_2893483\" class=\"elementor-field elementor-size-md  elementor-acceptance-field\">\n\t\t\t\t<label for=\"form-field-field_2893483\">Ao enviar voc\u00ea concorda com nossa <a href=\"\/politica-de-privacidade\">pol\u00edtica de privacidade<\/a><\/label>\t\t\t<\/span>\n\t\t<\/div>\n\t\t\t\t\t\t<\/div>\n\t\t\t\t\t\t\t\t<div class=\"elementor-field-group elementor-column elementor-field-type-submit elementor-col-50 e-form__buttons\">\n\t\t\t\t\t<button class=\"elementor-button elementor-size-md\" type=\"submit\">\n\t\t\t\t\t\t<span class=\"elementor-button-content-wrapper\">\n\t\t\t\t\t\t\t\t\t\t\t\t\t\t\t\t\t\t\t\t\t\t<span class=\"elementor-button-text\">Solicitar Contato<\/span>\n\t\t\t\t\t\t\t\t\t\t\t\t\t<\/span>\n\t\t\t\t\t<\/button>\n\t\t\t\t<\/div>\n\t\t\t<\/div>\n\t\t<\/form>\n\t\t\t\t\t\t<\/div>\n\t\t\t\t<\/div>\n\t\t\t\t\t<\/div>\n\t\t<\/div>\n\t\t\t\t\t<\/div>\n\t\t<\/section>\n\t\t\t\t\t<\/div>\n\t\t<\/div>\n\t\t\t\t\t<\/div>\n\t\t<\/section>\n\t\t\t\t<\/div>\n\t\t","protected":false},"excerpt":{"rendered":"<p>Blog Bennu Newsletter Receba novidades<\/p>\n","protected":false},"author":1,"featured_media":0,"parent":0,"menu_order":0,"comment_status":"closed","ping_status":"closed","template":"elementor_header_footer","meta":{"footnotes":""},"class_list":["post-33","page","type-page","status-publish","hentry"],"aioseo_notices":[],"_links":{"self":[{"href":"https:\/\/bennuconsultoria.com.br\/site\/wp-json\/wp\/v2\/pages\/33","targetHints":{"allow":["GET"]}}],"collection":[{"href":"https:\/\/bennuconsultoria.com.br\/site\/wp-json\/wp\/v2\/pages"}],"about":[{"href":"https:\/\/bennuconsultoria.com.br\/site\/wp-json\/wp\/v2\/types\/page"}],"author":[{"embeddable":true,"href":"https:\/\/bennuconsultoria.com.br\/site\/wp-json\/wp\/v2\/users\/1"}],"replies":[{"embeddable":true,"href":"https:\/\/bennuconsultoria.com.br\/site\/wp-json\/wp\/v2\/comments?post=33"}],"version-history":[{"count":45,"href":"https:\/\/bennuconsultoria.com.br\/site\/wp-json\/wp\/v2\/pages\/33\/revisions"}],"predecessor-version":[{"id":1536,"href":"https:\/\/bennuconsultoria.com.br\/site\/wp-json\/wp\/v2\/pages\/33\/revisions\/1536"}],"wp:attachment":[{"href":"https:\/\/bennuconsultoria.com.br\/site\/wp-json\/wp\/v2\/media?parent=33"}],"curies":[{"name":"wp","href":"https:\/\/api.w.org\/{rel}","templated":true}]}}